he remainder when d is divided by 6?
5
Let g(j) = 2 - 1 - 3 - j. What is the remainder when 4 is divided by g(-4)?
0
Let v(y) = -y**2 - 2. Let j be v(0). Let o = 10 - 7. What is the remainder when 41/j*(o - 5) is divided by 11?
8
Let r = -25 + 95. Calculate the remainder when r is divided by 24.
22
Let o(k) = 7*k**3 - k**2 + 1. Let b be o(1). Let p = -1 + b. What is the remainder when 16 is divided by p?
4
Let i(w) = -w**3 - 4*w**2 + 4*w - 3. Let f be i(-5). Suppose f*u + j - 31 = 0, 5*u - j - 64 = j. Calculate the remainder when 27 is divided by u.
13
Suppose 211 = 4*o + n, 2*n = -2*o + n + 107. Let d be (2/6)/((-2)/(-30)). Suppose d*k = k + o. What is the remainder when k is divided by 7?
6
Let s(d) = d**2 - 10*d - 6. Let g be s(9). Let z = g - -3. Calculate the remainder when ((-45)/z)/(2/8) is divided by 8.
7
What is the remainder when (-1 - 83)/3*120/(-28) is divided by 42?
36
Let t be 3 + (-6)/2 - 3. Let y = t + 8. Suppose 109 + 96 = y*f. What is the remainder when f is divided by 11?
8
Let j be 316/10 + (-2)/(-5). Let n = 51 - j. What is the remainder when 35 is divided by n?
16
Suppose -2*l = l - 15. Suppose 4*c = -16, s + 5*c = 1 - l. What is the remainder when 46 is divided by s?
14
Let j = 252 - 134. Calculate the remainder when j is divided by 32.
22
Let i = 23 - 5. Calculate the remainder when 67 is divided by i.
13
Let o(k) = 2*k**2 + k + 2. Calculate the remainder when 29 is divided by o(-2).
5
Calculate the remainder when 53 is divided by 9/(2*1*(-1)/(-6)).
26
Suppose -3*l - 5*l = -56. Let q(m) = -m**3 + 7*m**2 - 2*m - 6. Calculate the remainder when q(6) is divided by l.
4
Suppose 40 = 3*w + 2*w. Calculate the remainder when w is divided by 3.
2
Suppose -2*k + 5*k = 39. What is the remainder when (2/((-4)/3))/(12/(-408)) is divided by k?
12
Suppose 6*k - 48 = -0*k. Calculate the remainder when 31 is divided by k.
7
Calculate the remainder when (-1)/2 - (-490)/4 is divided by 25.
22
Let i(g) = g**3 - 5*g**2 + 4*g + 5. Let w(k) = k**2 + k + 2. Let q = 4 + -6. Let d be w(q). What is the remainder when 14 is divided by i(d)?
4
Suppose 3*d + 14 = 50. Let l = d + 14. What is the remainder when l is divided by 14?
12
Let n = -1 - -4. Calculate the remainder when 37 is divided by n.
1
Suppose 6 = -4*y + 22. Calculate the remainder when 29 is divided by (-39)/(-6) - (-6)/y.
5
Suppose 172 = 4*o + 5*a, 0*o - o + 40 = 2*a. Let r = 111 - o. Calculate the remainder when r is divided by 11.
8
Suppose b = -3, -2*t - 2*b + 23 = 3*b. Let l(w) = 73*w**2. Let v be l(-1). Let p = v + -36. Calculate the remainder when p is divided by t.
18
Calculate the remainder when -4 + 4 + 44 + 3 is divided by 16.
15
Suppose -3*r - r + q = -269, -138 = -2*r + 4*q. Suppose 4*u = 21 + r. What is the remainder when u is divided by 12?
10
Suppose 17 = 2*h + 7. Suppose 0 = h*o - 49 - 26. Calculate the remainder when 43 is divided by o.
13
Let k = 44 - 17. Let h = k - 15. Calculate the remainder when 23 is divided by h.
11
Suppose -c = -5*n + 21, 5*n = -4*c + 7 + 9. Suppose -6 = -u + 4*o, u - 8 = -u + n*o. What is the remainder when 2 is divided by u?
0
Suppose 6*n + 4*n = 110. Suppose -7*d + 184 = -2*d - 4*w, 3*w - 212 = -5*d. Calculate the remainder when d is divided by n.
7
Suppose -3*o = 3*w + o - 2, 3*o = -3*w. Let k = w - -6. What is the remainder when 5 is divided by ((-6)/5)/(k/(-10))?
2
Suppose 20 - 6 = 2*x. What is the remainder when 62 is divided by x?
6
Suppose v + 49 = 2*v + x, -4*v = 2*x - 198. Calculate the remainder when v is divided by 6/8 - 196/(-16).
11
Let g = -1 + 4. Suppose -4*l - 8 = 4*w, -3*w - 2*w + 30 = -5*l. What is the remainder when g is divided by w?
1
Suppose -2*x + i + 10 = -x, 5*x = 3*i + 40. Suppose 5*f - 19 = 21. What is the remainder when f is divided by x?
3
Let f(a) = a - 2. Calculate the remainder when 1 is divided by f(3).
0
Calculate the remainder when ((-10)/30)/(499/(-249) + 2) is divided by 12.
11
Suppose -207 = -5*j + 268. Let f = -65 + j. Calculate the remainder when f is divided by 16.
14
Suppose 2*q = -53 + 403. Suppose 3*r - q + 37 = 0. Let d = -39 + 55. What is the remainder when r is divided by d?
14
Let w(x) = -9*x + 2. Let h be w(-3). Suppose -4*o - h = -5*i + 32, -5*i + 3*o = -62. What is the remainder when 50 is divided by i?
11
Let a(u) = -2*u**3 - 4*u**2 + 3*u - 2. Calculate the remainder when 27 is divided by a(-3).
6
Suppose 1 - 190 = -3*d. What is the remainder when 48 is divided by (-122)/(-7) + (-27)/d?
14
Let h(f) = 2*f + 27. Let b be h(-11). Suppose -5*l = 2*j - 42, -b*l + 16 + 48 = 4*j. What is the remainder when j is divided by 3?
2
Let r be (-1 - 2)*2/6. Let z be (9/(-12))/(1/4). Let s = r - z. What is the remainder when 2 is divided by s?
0
Let r = -4 - -10. Suppose 0 = -4*j + 6*j - r. Suppose -j*m + 23 = 2. Calculate the remainder when 13 is divided by m.
6
Suppose 0*a - 3*a - 5*l = 0, -24 = -3*a + 3*l. Let c(g) = g**3 - 3*g**2 - 7*g + 1. Calculate the remainder when c(a) is divided by 9.
7
What is the remainder when (1*-2)/10 - (-22900)/125 is divided by 37?
35
Let m(w) = 2 + 6*w**2 + 4*w - 2 - w**2 - 6. Calculate the remainder when m(-5) is divided by 25.
24
Let w(u) = u**3 - u**2 - u - 1. What is the remainder when 41 is divided by w(3)?
13
What is the remainder when 22 is divided by -35*-3*-1*(-2)/15?
8
Let b be 4 - 2/4*0. Suppose 5*x - b*u - 160 = 0, 0*x - 122 = -4*x + 2*u. Calculate the remainder when x is divided by 15.
13
Let c = 11 + 149. What is the remainder when c is divided by 18?
16
Let x = 219 - 135. Let m = x - -5. Calculate the remainder when m is divided by 30.
29
Let a(x) be the third derivative of -x**6/120 + x**5/4 + x**4/12 - 13*x**3/6 - 6*x**2. Calculate the remainder when 65 is divided by a(15).
14
Calculate the remainder when 2/2 + 3 + -1 is divided by 3.
0
Let t(c) = c + 11. Let d be t(-5). Suppose d*h + 6 = 9*h. What is the remainder when 2 is divided by h?
0
Suppose -3*o + 7*o - 3*n - 1041 = 0, 0 = -o + 3*n + 267. Let p = 384 - o. Suppose 3*f = 6*f - p. Calculate the remainder when f is divided by 11.
9
Let m = -17 - -32. Let a = 14 + -10. Calculate the remainder when m is divided by a.
3
Let k = 2 - 1. Let v(p) be the third derivative of 7*p**6/60 - p**5/60 + p**3/6 - 2*p**2. What is the remainder when 39 is divided by v(k)?
11
Let d = -23 + 30. Calculate the remainder when (-28)/(-4)*(-12)/(-7) is divided by d.
5
Suppose p - 3*p - 4 = 0. Let x = 2 + p. Suppose 2*q - 2*g - 36 = 0, -q + x*g + 33 = -4*g. What is the remainder when q is divided by 7?
6
Suppose 53 = 5*u + 498. Let j = 139 + u. Let r(v) = 18*v**2 + 2*v + 1. Calculate the remainder when j is divided by r(-1).
16
Let u(y) = 4*y + 5*y - 1 + 11*y. What is the remainder when u(1) is divided by 10?
9
Suppose -5*t = -2*t + 15. Let y = t + 8. What is the remainder when 19 is divided by (y + -4)/(1/(-7))?
5
Suppose -a + 6*a + 5 = 2*p, -4*p = 4*a - 24. Let z(g) = -g + 1. What is the remainder when z(0) is divided by a?
0
Suppose 2*j + 19 - 59 = 0. What is the remainder when j is divided by 12?
8
Let y = -35 + 170. What is the remainder when y is divided by 34?
33
Suppose f = 3*f - n - 6, -4*n + 12 = f. Suppose g - 4*y = -18, -14 - 2 = 2*g - 4*y. What is the remainder when f is divided by g?
0
Let a(o) = o + 9. Let q be a(-6). Suppose -l - q*l = -152. Calculate the remainder when l is divided by 10.
8
Let t = -23 - -7. Let g = 36 + t. Let i = 42 - g. What is the remainder when i is divided by 8?
6
Suppose 2*m + 0*g = -3*g + 17, -2*m + 7 = g. Let z be (12 - 13)/((-2)/4). Suppose z*w = -2 + 4. What is the remainder when m is divided by w?
0
Let p be (-25)/20*4*3. Calculate the remainder when 12 is divided by (-74)/(-10) - (-6)/p.
5
Suppose -4*y + 3*n + 20 = 0, 0*y - 3*y = n - 15. What is the remainder when y is divided by 2?
1
Suppose d + 6 + 1 = -4*g, 3*g - 11 = -4*d. What is the remainder when d is divided by 2?
1
Let k be ((-3)/1 - -3) + 32. Calculate the remainder when -2*4/(k/(-300)) is divided by 19.
18
Let f = -2 - -7. Suppose 75*c = 72*c + 42. What is the remainder when c is divided by f?
4
Let s(a) = -13*a - 6. Let j = 7 - 5. Suppose 4*i - j = 62. What is the remainder when s(-4) is divided by i?
14
Suppose -5*u + 5*y + 80 = 0, u = -u + y + 36. Let k = 15 - 13. Suppose -k*j - 177 = -5*j. What is the remainde